-3)?
3
Suppose 0 = -0*q - 4*q - 4. What is the tens digit of (10 + -12)*(q + -12)?
2
Suppose -3*i + 4 = 2*s - i, -5*i + 28 = -s. What is the units digit of 0 + 110 + s + 4 + -3?
8
Suppose 13*q - 11*q = 248. Suppose -180 = -d + 4*d. Let f = d + q. What is the tens digit of f?
6
Let l(t) = -t**2 + 11*t - 4. Let g be l(10). Suppose 4*o = g*o - 328. Suppose 6*q - 2*q - o = 0. What is the tens digit of q?
4
Let y(m) = -m**3 - 8*m**2 - 9*m - 6. Suppose 3*f = -l + 4*l + 39, -5*f + 57 = -4*l. What is the tens digit of y(l)?
6
Suppose 0 = -11*w + 6*w + 12935. What is the tens digit of w?
8
Let v(j) = -j**2 + 3*j + 1. Suppose -15 = 3*g, 0 = 4*d - 4*g - 13 - 15. What is the units digit of v(d)?
3
Let n = 14 + -8. Suppose 0 = 4*y + 2 - n. Suppose -y - 1 = -2*h. What is the units digit of h?
1
Let m(z) be the third derivative of z**6/120 - 2*z**5/15 - z**3/6 - 2*z**2. Let i be m(8). What is the units digit of (1/((-4)/52))/i?
3
Let g be 3 - (1/1 + -2). Suppose 1320 = 6*f + g*f. What is the units digit of f?
2
What is the tens digit of (15 - 7)/4 - -169?
7
Let y = 1123 + -622. What is the hundreds digit of y?
5
Let m(k) = k**3 + 17*k**2 + 28*k + 12. Let i be m(-15). Let o = i - 14. What is the units digit of o?
8
Let f(t) = -t**2 - 3*t + 2. Let a = 4 + 2. Let r be f(a). What is the units digit of 18/63 + r/(-14)?
4
Let g(r) = r**3 - 23*r**2 - 11*r - 24. Let i be g(24). Let w = i - 47. What is the units digit of w?
1
Suppose -20 = -38*k + 33*k. Suppose 0 = 2*v - k*v. Let u(w) = w**3 + w**2 - 2*w + 5. What is the units digit of u(v)?
5
Suppose p - 629 - 124 = 0. What is the units digit of p?
3
Suppose -7 = -m + 5*i, -4*m + 0*i + 6 = 2*i. Suppose -3*c + 8*c - 5*j = 175, -c - m*j = -20. Suppose 21*p - 18*p - c = 0. What is the tens digit of p?
1
Let l(p) = 606*p + 105. What is the tens digit of l(3)?
2
Let r = 169 - 57. What is the tens digit of r?
1
Let u = 56 + -61. Let i be (32/12)/(2/(-39)). What is the tens digit of (-16)/40 + i/u?
1
Suppose -2148 = -215*h + 211*h. What is the units digit of h?
7
Suppose r - 3 = -4*f - 2*r, 3*f - 2*r + 2 = 0. Let x(z) = -z**3 + 5. Let q be x(f). Suppose -q*l + 240 = 3*n, 0*n = 3*n. What is the units digit of l?
8
Let g(z) = 35*z**2 - 2*z**3 + z + 3*z**3 - 38*z**2 + 7 + z. What is the units digit of g(5)?
7
Suppose -5*p = -2*j - 3554, 16*p - 17*p = -3*j - 716. What is the units digit of p?
0
Suppose 9 = -4*b - 611. Let i = 224 + b. What is the tens digit of i?
6
Let r(j) = j**3 - 9*j**2 + 12*j - 12. Suppose 0 = -2*n - 10 + 26. What is the units digit of r(n)?
0
Let b = 11 + -7. Let r be 8/6*(-9 - -12). Suppose -5*n - 3*u + 41 = -b*u, -r*n + 35 = -3*u. What is the units digit of n?
8
Suppose 240 = -2*s - 2*s. What is the units digit of (1 - s)*(8 + -7)?
1
Let j = 17 + -35. Let a = -29 - j. Let g(q) = q**3 + 12*q**2 + 11*q + 14. What is the tens digit of g(a)?
1
What is the hundreds digit of ((-14091)/(-14))/11*6?
5
Suppose -711 = -x - 3*b, 1420 = 3*x - x + 5*b. What is the hundreds digit of x?
7
Let a(q) = q + 13. Let f be a(-14). Let j be (f - 0) + 0/(-2). Let i(k) = -28*k. What is the units digit of i(j)?
8
Suppose 8*m - 96 = -4*m. Suppose -182 = -9*j + m*j. What is the units digit of j?
2
Suppose -n - 9 = -4*n. Suppose -n*o = -0*o + 9. Let f(j) = -j**3 + 3*j**2 - j - 2. What is the tens digit of f(o)?
5
Let u = -1 - -3. Suppose -4*r = -g + 83, -3*r + 5*r = u*g - 142. What is the units digit of g?
7
Suppose 1 = q + 2. Let z be (-4 - q)*(-1)/1. Let f = 21 - z. What is the units digit of f?
8
Let q(d) = -27*d**3 - 2*d**2 + 2*d - 2. Let s(y) = 136*y**3 + 11*y**2 - 11*y + 11. Let f(m) = 11*q(m) + 2*s(m). What is the tens digit of f(-1)?
2
Let q be (3 + -1)*-1 + 4/(-1). What is the hundreds digit of (-1073)/(-7) + q/21?
1
Let a(v) = v**2 + 12*v + 21. Suppose 317 + 27 = 5*m - x, 5*x = -2*m + 116. Suppose 4*z - 4*s + 4 = -m, 0 = 5*z + 3*s + 66. What is the units digit of a(z)?
6
Let t be (276/16)/(3/(-12)). Let d = -7 - t. Suppose -o + d = o. What is the tens digit of o?
3
Let w = -658 + 1024. What is the tens digit of w?
6
Let s(p) = p**3 + 5*p**2 - 7*p - 2. Let b be s(-6). Let z(o) = 6*o**2 - 5. What is the tens digit of z(b)?
9
Let f = 4 + -2. Let r be -80 - (-3 + f) - 2. What is the tens digit of r/18*12/(-2)?
2
What is the hundreds digit of (-2 - 987)*(-8 - -21)/(-13)?
9
Let f be (-2)/(-2*(-4)/(-12)). Suppose -3*r - c = -109, -r = -f*r - c + 71. What is the units digit of r?
8
Let l(o) = 5*o**2 - 18*o - 34. What is the hundreds digit of l(12)?
4
Let w be 28/(-24) - (-1)/6. What is the units digit of (w + 0)/(1/(-84))?
4
Suppose -3*t - 22 = -4. Let v(g) = g**3 + 7*g**2 - g - 6. Let d be v(t). Let u = d - 30. What is the units digit of u?
6
Let p(j) be the first derivative of 5*j**3 + 2*j**2 - 11*j - 7. What is the tens digit of p(2)?
5
Suppose -151*y = -162*y + 8525. What is the tens digit of y?
7
Let y(l) = 4*l - 21. Let o be y(-11). Let c = 31 - o. What is the units digit of c?
6
Suppose -b + 18 = 5*i - 3*b, -i = -3*b - 1. Suppose -2*z + 0*z = i*u + 34, -u + 5*z = 3. Let m = -3 - u. What is the units digit of m?
5
Let a = 72 - 66. Suppose -3 = -q - 5*c, 10*q - 5*q - 5*c = 75. Let t = q - a. What is the units digit of t?
7
Let m = -32 + 34. What is the hundreds digit of (5/(-15))/((-821)/(-411) - m)?
1
Let w be (-4 - -61)*(-3)/9. Let b = -13 - w. Suppose b*q = 4*q + 46. What is the tens digit of q?
2
Let m(d) = d - 1. Let o be m(-1). Let s be (-2 - -11) + o + -3. What is the units digit of (s + -1)*(-34)/(-6)?
7
Suppose 6 = u - 3*y - 3, 3*u - 19 = 5*y. Suppose 0 = u*w - 4*w + 3. Suppose p + 4*j = -w*p + 252, -5*p + j = -345. What is the units digit of p?
8
Suppose -1213 = -3*n + 128. What is the hundreds digit of n?
4
Let g be -2*6/(48/(-380)). Let r = -49 - 16. Let a = r + g. What is the units digit of a?
0
Let r(m) = m**3 + 8*m**2 + 2*m. Suppose -3*b + 26 = 2*j - 4, b + 23 = 3*j. Suppose -j = 6*k - 3*k. What is the tens digit of r(k)?
3
Let f(w) = 67*w + 185. What is the units digit of f(32)?
9
Let c = 6 - 16. Let l = -7 - c. Suppose -3*s + 25 = -2*r, 0 = 4*s + 2*r + l*r - 18. What is the units digit of s?
7
Let a be 4760/95 + (-4)/38. Suppose 47*k = a*k - 9. What is the units digit of k?
3
Suppose 2*f = -4*y + 420, 0 = y - 6*y + 25. Suppose -2*s = 2*v - 0*v - f, 2*v + 4*s = 196. What is the units digit of v?
2
Let f = -2227 - -4099. What is the thousands digit of f?
1
Let t(f) = 36*f + 10*f**2 + 3 + f**3 + 44*f - 73*f. What is the tens digit of t(-8)?
7
Let i(c) = 3*c**2 + 11*c + 7. Let m(z) = -10*z**2 - 32*z - 20. Let y(j) = 7*i(j) + 2*m(j). What is the tens digit of y(-15)?
3
Let f be (-291218)/(-261) - 2*(-1)/9. Suppose 11*y + f = 20*y. What is the hundreds digit of y?
1
Let f = 4272 - 2775. What is the hundreds digit of f?
4
Let y(i) = -3*i**3 - 3*i**2 - 41*i. What is the tens digit of y(-12)?
4
Suppose -5 = 6*f - 5*f. Let t(z) = -z**3 - 5*z**2 - z - 1. Let k be t(f). Suppose 6*a - 72 = k*a. What is the tens digit of a?
3
Let r(s) = s + 13. Let d be r(-10). Suppose w = d + 2. Suppose 0*x + w*x = 70. What is the units digit of x?
4
Let d(q) = -14*q + q**2 - 24 - 14*q + 25*q. What is the tens digit of d(-7)?
4
Let l(s) = 187*s**3 - 6*s**2 + 4. What is the hundreds digit of l(2)?
4
Suppose -169 = j - 51. Let d = 271 + j. What is the tens digit of d?
5
Suppose -l - 2*j = l - 4, 0 = -4*j + 8. Suppose 0 = 2*d - l*d - 84. What is the units digit of d?
2
Let m be 10/(-50) + (-31)/(-5). Suppose -m*i + 696 = -168. What is the tens digit of i?
4
Suppose -37*t + 64033 = -24619. What is the units digit of t?
6
Let t(z) = z**3 + 8*z**2 + z - 7. Let b be t(-7). Let p = b + -25. Suppose -w + 0*w + p = 0. What is the tens digit of w?
1
Suppose -16 = -4*p + 3*i + 5, 6 = 5*p + 3*i. Suppose p*w - 4*a = 18, -6 = w - 2*w + a. What is the units digit of ((-4)/w)/(36/(-54))?
1
Let q(u) = -13*u**3 - 18*u**2 + 2*u + 59. What is the thousands digit of q(-6)?
2
Let g = 98 + -96. Suppose -10*f = -g*f - 80. What is the units digit of f?
0
Let k(o) = 3*o**2 + 4*o. Let n be k(-2). What is the tens digit of n*4/((-64)/(-132))?
3
Suppose 1711 + 7937 = 4*g. What is the tens digit of g?
1
Let y be (-1)/1 - (-5 - -1). Suppose 50 = 4*f + 3*o, -3*f - y*o + 24 + 12 = 0. What is the tens digit of f?
1
Let l = 7 + -6. Suppose l = -3*j - 2. Let h(k) = -20